re the prime factors of 230974254?
2, 3, 7, 353, 577
List the prime factors of 375892990.
2, 5, 11, 37, 92357
What are the prime factors of 51940664?
2, 101, 64283
What are the prime factors of 33315545?
5, 31, 214939
What are the prime factors of 599017648?
2, 37438603
List the prime factors of 5737177902.
2, 3, 373, 947, 2707
List the prime factors of 26179060.
2, 5, 23, 56911
List the prime factors of 575785712.
2, 37, 972611
List the prime factors of 115971236.
2, 179, 161971
What are the prime factors of 2955361051?
37, 4049, 19727
What are the prime factors of 48112666?
2, 7, 1373, 2503
What are the prime factors of 115619034?
2, 3, 61, 315899
What are the prime factors of 16214496?
2, 3, 168901
List the prime factors of 380670277.
13, 29282329
List the prime factors of 28010687.
257, 108991
What are the prime factors of 5506747988?
2, 7, 139, 202127
What are the prime factors of 3835494566?
2, 53, 36183911
What are the prime factors of 62240496?
2, 3, 29, 61, 733
List the prime factors of 2031771436.
2, 29, 59, 307, 967
List the prime factors of 1478904420.
2, 3, 5, 7, 3521201
List the prime factors of 881725401.
3, 23, 4259543
List the prime factors of 188734505.
5, 19, 1986679
List the prime factors of 2535227827.
11, 37, 168353
What are the prime factors of 17072165?
5, 11, 17, 19, 31
What are the prime factors of 293677193?
17, 1811, 9539
What are the prime factors of 30258940?
2, 5, 1512947
List the prime factors of 6764099746.
2, 31, 109098383
List the prime factors of 194325649.
7, 27760807
What are the prime factors of 269061635?
5, 17, 557, 5683
What are the prime factors of 40927239?
3, 691, 6581
What are the prime factors of 492622265?
5, 367, 268459
List the prime factors of 17536155.
3, 5, 7, 13, 29, 443
List the prime factors of 138963602.
2, 69481801
What are the prime factors of 120714483?
3, 191, 210671
List the prime factors of 153587199.
3, 659, 77687
List the prime factors of 24408070.
2, 5, 2440807
List the prime factors of 339428843.
13, 4153, 6287
What are the prime factors of 1784521050?
2, 3, 5, 13, 915139
List the prime factors of 9179610.
2, 3, 5, 11, 27817
List the prime factors of 374456507.
263, 1423789
List the prime factors of 529307182.
2, 264653591
List the prime factors of 320810877.
3, 19, 23, 81569
What are the prime factors of 41085002?
2, 7, 71, 41333
List the prime factors of 81704560.
2, 5, 7, 19, 1097
List the prime factors of 136241359.
136241359
What are the prime factors of 106527823?
229, 465187
List the prime factors of 3987044666.
2, 11, 359, 504817
What are the prime factors of 139689821?
53, 643, 4099
What are the prime factors of 8052560657?
8052560657
What are the prime factors of 17338532?
2, 373, 11621
What are the prime factors of 1148370735?
3, 5, 19, 4029371
List the prime factors of 10202045.
5, 7, 41641
List the prime factors of 96831019.
96831019
List the prime factors of 1685145793.
1685145793
List the prime factors of 360558221.
107, 3369703
What are the prime factors of 981242869?
29, 4019, 8419
What are the prime factors of 31883860?
2, 5, 47, 107, 317
List the prime factors of 1441625439.
3, 43, 11175391
List the prime factors of 317231911.
347, 914213
List the prime factors of 36324019.
17, 2136707
List the prime factors of 112410710.
2, 5, 11241071
What are the prime factors of 1745120281?
37, 379, 124447
List the prime factors of 111338819.
111338819
List the prime factors of 43102501.
13, 3315577
What are the prime factors of 8431949?
17, 89, 5573
What are the prime factors of 69648070?
2, 5, 127, 173, 317
List the prime factors of 863097992.
2, 107887249
List the prime factors of 676526499.
3, 11, 283, 2683
What are the prime factors of 268789495?
5, 13, 157, 26339
What are the prime factors of 65340123?
3, 1301, 16741
List the prime factors of 163772614.
2, 41, 881, 2267
List the prime factors of 24839600.
2, 5, 62099
List the prime factors of 267614077.
267614077
What are the prime factors of 130651988?
2, 4027, 8111
What are the prime factors of 98315046?
2, 3, 17, 29, 1231
What are the prime factors of 3245344683?
3, 7, 89, 353, 4919
List the prime factors of 417250999.
11, 281, 134989
List the prime factors of 14165816.
2, 7, 131, 1931
What are the prime factors of 286641563?
13, 113, 195127
List the prime factors of 31074950.
2, 5, 29, 739
List the prime factors of 112211115.
3, 5, 7480741
What are the prime factors of 2083160406?
2, 3, 263, 1320127
List the prime factors of 206996002.
2, 311, 332791
What are the prime factors of 1622123265?
3, 5, 7, 29, 67, 7951
List the prime factors of 659699797.
659699797
List the prime factors of 249627051.
3, 919, 30181
What are the prime factors of 412883999?
11, 37, 1014457
List the prime factors of 10810307.
1583, 6829
What are the prime factors of 2047857837?
3, 223, 941, 3253
What are the prime factors of 153329371?
13, 53, 139, 1601
What are the prime factors of 513325416?
2, 3, 21388559
What are the prime factors of 5373896201?
5373896201
List the prime factors of 600093752.
2, 29, 2586611
List the prime factors of 2381633013.
3, 793877671
List the prime factors of 5262191091.
3, 23, 43, 569, 1039
What are the prime factors of 9871582?
2, 7, 705113
List the prime factors of 62979577.
17, 47, 78823
What are the prime factors of 60459034?
2, 3541, 8537
List the prime factors of 49382715.
3, 5, 227, 14503
List the prime factors of 113218630.
2, 5, 7, 41, 103, 383
List the prime factors of 301787893.
11, 17, 47, 34337
What are the prime factors of 117513245?
5, 23502649
What are the prime factors of 5742173739?
3, 29, 313, 210869
What are the prime factors of 719772016?
2, 83, 349, 1553
What are the prime factors of 3504989091?
3, 4021, 290557
What are the prime factors of 105737009?
7, 37, 408251
List the prime factors of 395707107.
3, 367, 359407
List the prime factors of 60472100.
2, 5, 13, 181, 257
What are the prime factors of 62122618?
2, 31061309
List the prime factors of 30264472.
2, 7, 540437
What are the prime factors of 3188171099?
31, 271, 379499
List the prime factors of 347021832.
2, 3, 103, 140381
What are the prime factors of 2524786408?
2, 179, 541, 3259
What are the prime factors of 16857557?
17, 991621
List the prime factors of 46223418.
2, 3, 31, 181, 1373
What are the prime factors of 379931180?
2, 5, 61, 311419
List the prime factors of 2225713245.
3, 5, 7, 21197269
List the prime factors of 1019615.
5, 61, 3343
What are the prime factors of 99793085?
5, 7, 2851231
List the prime factors of 881383832.
2, 7, 1451, 10847
What are the prime factors of 35387344?
2, 317, 6977
List the prime factors of 159734972.
2, 1601, 24943
What are the prime factors of 1890839825?
5, 7, 1697, 6367
List the prime factors of 281821329.
3, 10437827
List the prime factors of 126237146.
2, 7, 31, 290869
List the prime factors of 22501481.
67, 335843
What are the prime factors of 397404567?
3, 7, 233, 27073
What are the prime factors of 223034533?
613, 363841
List the prime factors of 68442784.
2, 29, 131, 563
List the prime factors of 55612935.
3, 5, 7, 176549
What are the prime factors of 88113208?
2, 101, 167, 653
What are the prime factors of 160788896?
2, 631, 7963
What are the prime factors of 119113433?
119113433
What are the prime factors of 2206775?
5, 103, 857
What are the prime factors of 151682213?
821, 184753
What are the prime factors of 8822690?
2, 5, 127, 6947
What are the prime factors of 213120186?
2, 3, 35520031
List the prime factors of 1213708596.
2, 3, 157, 701, 919
What are the prime factors of 66352765?
5, 2239, 5927
What are the prime factors of 3162475875?
3, 5, 13, 139, 359
List the prime factors of 5988285430.
2, 5, 383, 521, 3001
List the prime factors of 416671642.
2, 208335821
List the prime factors of 513310621.
14879, 34499
What are the prime factors of 160114348?
2, 41, 976307
What are the prime factors of 86800702?
2, 19, 2284229
List the prime factors of 270121590.
2, 3, 5, 3001351
List the prime factors of 90786242.
2, 45393121
What are the prime factors of 76342845?
3, 5, 43, 118361
List the prime factors of 31304471.
11, 1163, 2447
What are the prime factors of 1328785731?
3, 7, 13, 1622449
What are the prime factors of 237805712?
2, 31, 47, 101
List the prime factors of 9203842